What is the millions digit of 12854498?
2
What is the hundreds digit of 1619135?
1
What is the hundred thousands digit of 1724314?
7
What is the tens digit of 76647?
4
What is the millions digit of 8297706?
8
What is the millions digit of 5415434?
5
What is the ten millions digit of 14808372?
1
What is the tens digit of 352044?
4
What is the hundred thousands digit of 138456?
1
What is the units digit of 330064?
4
What is the hundred thousands digit of 280114?
2
What is the hundreds digit of 12527732?
7
What is the thousands digit of 141777?
1
What is the hundreds digit of 1477971?
9
What is the hundred thousands digit of 321535?
3
What is the units digit of 850861?
1
What is the tens digit of 2712855?
5
What is the hundreds digit of 178297?
2
What is the hundreds digit of 412096?
0
What is the hundreds digit of 425760?
7
What is the thousands digit of 98284?
8
What is the thousands digit of 20678?
0
What is the hundred thousands digit of 7011732?
0
What is the hundred thousands digit of 1619745?
6
What is the ten thousands digit of 575571?
7
What is the tens digit of 17927617?
1
What is the units digit of 3633053?
3
What is the units digit of 37140?
0
What is the tens digit of 176529?
2
What is the tens digit of 33050887?
8
What is the hundreds digit of 385130?
1
What is the tens digit of 26549006?
0
What is the thousands digit of 234911?
4
What is the hundreds digit of 239073?
0
What is the tens digit of 176939?
3
What is the thousands digit of 13266153?
6
What is the units digit of 7513250?
0
What is the ten thousands digit of 2052103?
5
What is the hundreds digit of 7142?
1
What is the tens digit of 1335965?
6
What is the ten thousands digit of 436964?
3
What is the ten thousands digit of 22731?
2
What is the millions digit of 2704816?
2
What is the units digit of 502381?
1
What is the millions digit of 23971023?
3
What is the hundred thousands digit of 8544664?
5
What is the millions digit of 4543216?
4
What is the hundred thousands digit of 6509903?
5
What is the units digit of 11050020?
0
What is the units digit of 815020?
0
What is the units digit of 232691?
1
What is the hundreds digit of 14422870?
8
What is the hundreds digit of 11818658?
6
What is the units digit of 171990?
0
What is the tens digit of 11586217?
1
What is the units digit of 660510?
0
What is the hundred thousands digit of 1028398?
0
What is the units digit of 390705?
5
What is the units digit of 990057?
7
What is the ten thousands digit of 322861?
2
What is the hundred thousands digit of 2894343?
8
What is the hundred thousands digit of 326176?
3
What is the thousands digit of 9562399?
2
What is the units digit of 10910573?
3
What is the thousands digit of 2743688?
3
What is the hundreds digit of 7215985?
9
What is the hundred thousands digit of 823578?
8
What is the hundred thousands digit of 809711?
8
What is the units digit of 16733989?
9
What is the hundred thousands digit of 2763132?
7
What is the hundred thousands digit of 242121?
2
What is the thousands digit of 893274?
3
What is the millions digit of 1770638?
1
What is the hundred thousands digit of 6849730?
8
What is the thousands digit of 99065?
9
What is the ten thousands digit of 3723762?
2
What is the tens digit of 475974?
7
What is the tens digit of 615253?
5
What is the thousands digit of 2915451?
5
What is the thousands digit of 4594587?
4
What is the units digit of 419079?
9
What is the ten thousands digit of 526041?
2
What is the hundreds digit of 5407121?
1
What is the units digit of 7507252?
2
What is the tens digit of 8572467?
6
What is the units digit of 10716149?
9
What is the tens digit of 375192?
9
What is the thousands digit of 294898?
4
What is the thousands digit of 1388417?
8
What is the units digit of 130410?
0
What is the tens digit of 640631?
3
What is the hundreds digit of 16920?
9
What is the hundred thousands digit of 3024363?
0
What is the thousands digit of 8448760?
8
What is the thousands digit of 4480975?
0
What is the thousands digit of 8427331?
7
What is the hundreds digit of 2216283?
2
What is the hundred thousands digit of 234314?
2
What is the hundred thousands digit of 29672520?
6
What is the hundred thousands digit of 7832384?
8
What is the units digit of 2305823?
3
What is the units digit of 152963?
3
What is the ten millions digit of 24375862?
2
What is the ten thousands digit of 162695?
6
What is the thousands digit of 619556?
9
What is the hundreds digit of 882548?
5
What is the millions digit of 1495718?
1
What is the ten thousands digit of 1916290?
1
What is the hundreds digit of 4874196?
1
What is the hundred thousands digit of 409790?
4
What is the units digit of 26525343?
3
What is the ten thousands digit of 23456?
2
What is the millions digit of 6885207?
6
What is the hundreds digit of 1488777?
7
What is the hundreds digit of 4285698?
6
What is the tens digit of 505019?
1
What is the thousands digit of 163797?
3
What is the hundred thousands digit of 215782?
2
What is the tens digit of 9525144?
4
What is the thousands digit of 267051?
7
What is the hundreds digit of 2249256?
2
What is the ten thousands digit of 1128699?
2
What is the millions digit of 19942142?
9
What is the units digit of 748784?
4
What is the thousands digit of 139102?
9
What is the thousands digit of 9461313?
1
What is the ten thousands digit of 2538803?
3
What is the thousands digit of 17312072?
2
What is the hundreds digit of 3115002?
0
What is the thousands digit of 980265?
0
What is the ten thousands digit of 1297797?
9
What is the hundred thousands digit of 7140493?
1
What is the hundreds digit of 803667?
6
What is the tens digit of 771101?
0
What is the hundreds digit of 5812?
8
What is the tens digit of 20519492?
9
What is the tens digit of 3264447?
4
What is the hundred thousands digit of 7828323?
8
What is the hundreds digit of 40164?
1
What is the units digit of 1058468?
8
What is the thousands digit of 2132061?
2
What is the thousands digit of 198446?
8
What is the hundred thousands digit of 338602?
3
What is the hundred thousands digit of 11631129?
6
What is the thousands digit of 993529?
3
What is the ten thousands digit of 1935246?
3
What is the units digit of 354032?
2
What is the thousands digit of 57608?
7
What is the millions digit of 5120700?
5
What is the millions digit of 10320333?
0
What is the hundreds digit of 9199476?
4
What is the hundred thousands digit of 1169036?
1
What is the tens digit of 264401?
0
What is the hundreds digit of 1272686?
6
What is the hundred thousands digit of 9046469?
0
What is the hundred thousands digit of 345971?
3
What is the ten millions digit of 37961955?
3
What is the ten thousands digit of 25198572?
9
What is the tens digit of 50725?
2
What is the thousands digit of 101962?
1
What is the tens digit of 982923?
2
What is the units digit of 222241?
1
What is the hundreds digit of 15618340?
3
What is the hundreds digit of 6026158?
1
What is the hundred thousands digit of 5258685?
2
What is the millions digit of 9079874?
9
What is the hundred thousands digit of 6805752?
8
What is the units digit of 249535?
5
What is the hundred thousands digit of 4632413?
6
What is the ten thousands digit of 1606025?
0
What is the hundreds digit of 42841?
8
What is the units digit of 963842?
2
What is the thousands digit of 1290974?
0
What is the hundred thousands digit of 102605?
1
What is the units digit of 705673?
3
What is the hundreds digit of 6271545?
5
What is the thousands digit of 6526?
6
What is the hundreds digit of 9074828?
8
What is the hundreds digit of 100530?
5
What is the ten thousands digit of 734659?
3
What is the ten thousands digit of 1414978?
1
What is the hundred thousands digit of 814611?
8
What is the tens digit of 116687?
8
What is the units digit of 6440739?
9
What is the thousands digit of 9713090?
3
What is the hundreds digit of 791089?
0
What is the hundred thousands digit of 9439441?
4
What is the hundred thousands digit of 2352289?
3
What is the ten thousands digit of 7191477?
9
What is the ten thousands digit of 12286444?
8
What is the units digit of 9466940?
0
What is the ten millions digit of 11859633?
1
What is the hundreds digit of 40852930?
9
What is the units digit of 382782?
2
What is the tens digit of 1490263?
6
